{"id":95,"date":"2021-07-07T11:25:39","date_gmt":"2021-07-07T11:25:39","guid":{"rendered":"https:\/\/motionlab.studio\/?page_id=95"},"modified":"2021-07-12T10:27:10","modified_gmt":"2021-07-12T10:27:10","slug":"retul","status":"publish","type":"page","link":"https:\/\/motionlab.studio\/index.php\/retul\/","title":{"rendered":"Retul"},"content":{"rendered":"<section class=\"gb-container gb-container-ecbaecae\"><div class=\"gb-inside-container\">\n\n<p>Gracias a la tecnolog\u00eda de captura de movimiento, el&nbsp;<strong>sistema RET\u00dcL<\/strong>&nbsp;permite hacer un an\u00e1lisis mas preciso sobre cual ser\u00eda la posici\u00f3n ideal para un ciclista, as\u00ed como cual ser\u00eda la&nbsp;<strong>pedalada mas efectiva<\/strong>.<\/p>\n\n\n\n<p>Hay una clara diferencia entre andar en bici en la vida real o simular el movimiento de pedalada en est\u00e1tico\u2026, el sistema de recogida de datos de forma din\u00e1mica ofrece unos&nbsp;<strong>resultados m\u00e1s precisos sobre los movimientos de un ciclista<\/strong>.<\/p>\n\n\n\n<div class=\"wp-block-cover has-background-dim\"><img loading=\"lazy\" decoding=\"async\" width=\"1024\" height=\"526\" class=\"wp-block-cover__image-background wp-image-112\" alt=\"\" src=\"https:\/\/motionlab.studio\/wp-content\/uploads\/2021\/07\/estudios-biomecanicos-retul-analisis3d-1024x526.jpg\" data-object-fit=\"cover\" srcset=\"https:\/\/motionlab.studio\/wp-content\/uploads\/2021\/07\/estudios-biomecanicos-retul-analisis3d-1024x526.jpg 1024w, https:\/\/motionlab.studio\/wp-content\/uploads\/2021\/07\/estudios-biomecanicos-retul-analisis3d-300x154.jpg 300w, https:\/\/motionlab.studio\/wp-content\/uploads\/2021\/07\/estudios-biomecanicos-retul-analisis3d-768x394.jpg 768w, https:\/\/motionlab.studio\/wp-content\/uploads\/2021\/07\/estudios-biomecanicos-retul-analisis3d-1536x789.jpg 1536w, https:\/\/motionlab.studio\/wp-content\/uploads\/2021\/07\/estudios-biomecanicos-retul-analisis3d.jpg 1948w\" sizes=\"auto, (max-width: 1024px) 100vw, 1024px\" \/><div class=\"wp-block-cover__inner-container is-layout-flow wp-block-cover-is-layout-flow\">\n<h1 class=\"has-text-align-center wp-block-heading\">\u00abLos estudios&nbsp;<strong>Biomec\u00e1nicos<\/strong><br>ofrecen mejor resultado desde un an\u00e1lisis en 3D\u00bb<\/h1>\n<\/div><\/div>\n\n\n\n<p><\/p>\n\n\n\n<p>Los datos de las mediciones recogidos por el sistema tradicional de estudio biomec\u00e1nico, no ofrece un resultado tan preciso. Con el fin de hacer un an\u00e1lisis global, el biomec\u00e1nico tiene que hacer mediciones o toma de datos desde un \u00fanico plano en cada fase (frontal y lateral).<\/p>\n\n\n\n<p>Los&nbsp;<strong>sensores de movimiento del Sistema Ret\u00fcl<\/strong>, permiten recoger simult\u00e1neamente los datos o&nbsp;<strong>mediciones desde m\u00faltiples \u00e1ngulos o en 3 dimensiones<\/strong>. Ello posibilita al biomec\u00e1nico hacer un an\u00e1lisis de movimiento (frontal \u2013 lateral) de las rodillas y cadera al mismo tiempo.<\/p>\n\n\n\n<div class=\"wp-block-cover has-background-dim\"><img loading=\"lazy\" decoding=\"async\" width=\"1024\" height=\"526\" class=\"wp-block-cover__image-background wp-image-105\" alt=\"\" src=\"https:\/\/motionlab.studio\/wp-content\/uploads\/2021\/07\/biomecanica-sistema-retul-toma-de-medidas-1024x526.jpg\" data-object-fit=\"cover\" srcset=\"https:\/\/motionlab.studio\/wp-content\/uploads\/2021\/07\/biomecanica-sistema-retul-toma-de-medidas-1024x526.jpg 1024w, https:\/\/motionlab.studio\/wp-content\/uploads\/2021\/07\/biomecanica-sistema-retul-toma-de-medidas-300x154.jpg 300w, https:\/\/motionlab.studio\/wp-content\/uploads\/2021\/07\/biomecanica-sistema-retul-toma-de-medidas-768x394.jpg 768w, https:\/\/motionlab.studio\/wp-content\/uploads\/2021\/07\/biomecanica-sistema-retul-toma-de-medidas-1536x789.jpg 1536w, https:\/\/motionlab.studio\/wp-content\/uploads\/2021\/07\/biomecanica-sistema-retul-toma-de-medidas.jpg 1948w\" sizes=\"auto, (max-width: 1024px) 100vw, 1024px\" \/><div class=\"wp-block-cover__inner-container is-layout-flow wp-block-cover-is-layout-flow\">\n<p class=\"has-text-align-center has-large-font-size\">\u00abLa precisi\u00f3n en la toma de medidas es de vital importancia\u00bb<\/p>\n<\/div><\/div>\n\n\n\n<p><\/p>\n\n\n\n<p>Implementar ligeros cambios en las medidas de tu bicicleta (incluso la diferencia de mil\u00edmetros), pueden hacerte sentir sensaciones muy molestas tras una salida en bicicleta.&nbsp;<strong>El sistema Ret\u00fcl<\/strong>&nbsp;permite ajustes con una precisi\u00f3n de menos de un mil\u00edmetro, dando como resultado&nbsp;<strong>mediciones perfectas aplicadas a la biomec\u00e1nica del ciclista<\/strong>.<\/p>\n\n\n\n<p>Peque\u00f1os ajustes pueden hacer una gran diferencia aliviando dolor o molestias de espalda, de rodilla, de cuello. Sin duda&nbsp;<strong>los ajustes mediante el sistema Ret\u00fcl mejorar\u00e1n el rendimiento del ciclista<\/strong>.<\/p>\n\n<\/div><\/section>\n\n<div class=\"gb-container gb-container-2de14bda\"><div class=\"gb-inside-container\">\n\n<div class=\"wp-block-image\"><figure class=\"aligncenter size-large is-resized\"><img decoding=\"async\" src=\"https:\/\/motionlab.studio\/wp-content\/uploads\/2021\/07\/id-cyling-logo1.png\" alt=\"\" class=\"wp-image-268\" width=\"500\" srcset=\"https:\/\/motionlab.studio\/wp-content\/uploads\/2021\/07\/id-cyling-logo1.png 842w, https:\/\/motionlab.studio\/wp-content\/uploads\/2021\/07\/id-cyling-logo1-300x62.png 300w, https:\/\/motionlab.studio\/wp-content\/uploads\/2021\/07\/id-cyling-logo1-768x160.png 768w\" sizes=\"(max-width: 842px) 100vw, 842px\" \/><\/figure><\/div>\n\n<\/div><\/div>","protected":false},"excerpt":{"rendered":"","protected":false},"author":1,"featured_media":0,"parent":0,"menu_order":0,"comment_status":"closed","ping_status":"closed","template":"","meta":{"_generate-full-width-content":"","footnotes":""},"class_list":["post-95","page","type-page","status-publish"],"_links":{"self":[{"href":"https:\/\/motionlab.studio\/index.php\/wp-json\/wp\/v2\/pages\/95","targetHints":{"allow":["GET"]}}],"collection":[{"href":"https:\/\/motionlab.studio\/index.php\/wp-json\/wp\/v2\/pages"}],"about":[{"href":"https:\/\/motionlab.studio\/index.php\/wp-json\/wp\/v2\/types\/page"}],"author":[{"embeddable":true,"href":"https:\/\/motionlab.studio\/index.php\/wp-json\/wp\/v2\/users\/1"}],"replies":[{"embeddable":true,"href":"https:\/\/motionlab.studio\/index.php\/wp-json\/wp\/v2\/comments?post=95"}],"version-history":[{"count":8,"href":"https:\/\/motionlab.studio\/index.php\/wp-json\/wp\/v2\/pages\/95\/revisions"}],"predecessor-version":[{"id":306,"href":"https:\/\/motionlab.studio\/index.php\/wp-json\/wp\/v2\/pages\/95\/revisions\/306"}],"wp:attachment":[{"href":"https:\/\/motionlab.studio\/index.php\/wp-json\/wp\/v2\/media?parent=95"}],"curies":[{"name":"wp","href":"https:\/\/api.w.org\/{rel}","templated":true}]}}