{"id":218,"date":"2021-07-08T08:07:33","date_gmt":"2021-07-08T08:07:33","guid":{"rendered":"https:\/\/motionlab.studio\/?page_id=218"},"modified":"2021-07-08T08:18:14","modified_gmt":"2021-07-08T08:18:14","slug":"estudio-precompra","status":"publish","type":"page","link":"https:\/\/motionlab.studio\/index.php\/estudio-precompra\/","title":{"rendered":"Estudio precompra"},"content":{"rendered":"<div class=\"gb-container gb-container-6e861293\"><div class=\"gb-inside-container\">\n\n<p>Si tu plan es comprar una nueva bici, un <strong>estudio precompra<\/strong> te despejar\u00e1 todas las dudas.<\/p>\n\n\n\n<p>Utilizamos el\u00a0potro de an\u00e1lisis de <a href=\"https:\/\/motionlab.studio\/index.php\/shimano-bikefitting\/\" data-type=\"page\" data-id=\"119\">Real Fit Bike<\/a> de Shimano Bikefitting\u00a0 para elegir <strong>talla y componentes adecuados<\/strong> antes de la compra de la bicicleta nueva. (<strong>cuadro, bielas, potencia, manillar, sill\u00edn, tija, pedales<\/strong>&#8230;)<\/p>\n\n\n\n<p>Puedes probar y sentir <strong>c\u00f3mo ser\u00e1 tu bici<\/strong> y c\u00f3mo ser\u00e1 tu pedaleo a diferentes intensidades, decidir entre tallas, o descartar aquellos modelos que no son adecuados para ti, ya que la<strong> Real Fit Bike nos permite replicar cualquier geometr\u00eda del mercado<\/strong>.<\/p>\n\n\n\n<p>Al finalizar esta <strong>primera parte del estudio<\/strong>, se hace entrega de un <strong>informe de medidas<\/strong> y recomendaciones con las que podr\u00e1s comprar de manera inteligente tu nueva bicicleta, con la talla de cuadro y componentes que necesitas.<\/p>\n\n\n\n<p>Una vez tengas tu nueva bicicleta, se realiza la <strong>segunda parte del estudio<\/strong>: ajustamos todos los componentes de manera \u00f3ptima (angulaci\u00f3n de sill\u00edn, manetas, manillar&#8230;) para que puedas disfrutar de tu nueva bicicleta.<\/p>\n\n<\/div><\/div>","protected":false},"excerpt":{"rendered":"<p>Si tu plan es comprar una nueva bici, un estudio precompra te despejar\u00e1 todas las dudas. Utilizamos el\u00a0potro de an\u00e1lisis de Real Fit Bike de Shimano Bikefitting\u00a0 para elegir talla y componentes adecuados antes de la compra de la bicicleta nueva. (cuadro, bielas, potencia, manillar, sill\u00edn, tija, pedales&#8230;) Puedes probar y sentir c\u00f3mo ser\u00e1 tu &#8230; <a title=\"Estudio precompra\" class=\"read-more\" href=\"https:\/\/motionlab.studio\/index.php\/estudio-precompra\/\" aria-label=\"M\u00e1s en Estudio precompra\">Leer m\u00e1s<\/a><\/p>\n","protected":false},"author":1,"featured_media":0,"parent":0,"menu_order":0,"comment_status":"closed","ping_status":"closed","template":"","meta":{"_generate-full-width-content":"","footnotes":""},"class_list":["post-218","page","type-page","status-publish"],"_links":{"self":[{"href":"https:\/\/motionlab.studio\/index.php\/wp-json\/wp\/v2\/pages\/218","targetHints":{"allow":["GET"]}}],"collection":[{"href":"https:\/\/motionlab.studio\/index.php\/wp-json\/wp\/v2\/pages"}],"about":[{"href":"https:\/\/motionlab.studio\/index.php\/wp-json\/wp\/v2\/types\/page"}],"author":[{"embeddable":true,"href":"https:\/\/motionlab.studio\/index.php\/wp-json\/wp\/v2\/users\/1"}],"replies":[{"embeddable":true,"href":"https:\/\/motionlab.studio\/index.php\/wp-json\/wp\/v2\/comments?post=218"}],"version-history":[{"count":2,"href":"https:\/\/motionlab.studio\/index.php\/wp-json\/wp\/v2\/pages\/218\/revisions"}],"predecessor-version":[{"id":223,"href":"https:\/\/motionlab.studio\/index.php\/wp-json\/wp\/v2\/pages\/218\/revisions\/223"}],"wp:attachment":[{"href":"https:\/\/motionlab.studio\/index.php\/wp-json\/wp\/v2\/media?parent=218"}],"curies":[{"name":"wp","href":"https:\/\/api.w.org\/{rel}","templated":true}]}}