{"id":2,"date":"2021-06-30T21:45:07","date_gmt":"2021-06-30T21:45:07","guid":{"rendered":"https:\/\/motionlab.studio\/?page_id=2"},"modified":"2021-07-12T10:25:33","modified_gmt":"2021-07-12T10:25:33","slug":"sample-page","status":"publish","type":"page","link":"https:\/\/motionlab.studio\/","title":{"rendered":""},"content":{"rendered":"\n<div class=\"wp-block-group alignwide has-black-color has-very-light-gray-to-cyan-bluish-gray-gradient-background has-text-color has-background\"><div class=\"wp-block-group__inner-container is-layout-flow wp-block-group-is-layout-flow\">\n<h2 class=\"gb-headline gb-headline-44228700 gb-headline-text\">Disponemos de los sistemas de Bike Fitting m\u00e1s avanzados del mercado<\/h2>\n\n\n\n<div class=\"wp-block-columns alignwide is-layout-flex wp-container-core-columns-is-layout-9d6595d7 wp-block-columns-is-layout-flex\">\n<div class=\"wp-block-column is-layout-flow wp-block-column-is-layout-flow\">\n<div class=\"wp-block-columns is-layout-flex wp-container-core-columns-is-layout-9d6595d7 wp-block-columns-is-layout-flex\">\n<div class=\"wp-block-column is-vertically-aligned-center is-layout-flow wp-block-column-is-layout-flow\" style=\"flex-basis:100%\">\n<div class=\"wp-block-image\"><figure class=\"aligncenter size-large is-resized\"><img loading=\"lazy\" decoding=\"async\" src=\"https:\/\/motionlab.studio\/wp-content\/uploads\/2021\/07\/RETULLOGO.png\" alt=\"\" class=\"wp-image-59\" width=\"170\" height=\"131\" srcset=\"https:\/\/motionlab.studio\/wp-content\/uploads\/2021\/07\/RETULLOGO.png 792w, https:\/\/motionlab.studio\/wp-content\/uploads\/2021\/07\/RETULLOGO-300x232.png 300w, https:\/\/motionlab.studio\/wp-content\/uploads\/2021\/07\/RETULLOGO-768x593.png 768w\" sizes=\"auto, (max-width: 170px) 100vw, 170px\" \/><\/figure><\/div>\n<\/div>\n<\/div>\n\n\n\n<p class=\"has-text-align-center\">El sistema&nbsp;<strong>RET\u00dcL<\/strong>&nbsp;permite hacer un an\u00e1lisis mas preciso sobre cual ser\u00eda la posici\u00f3n ideal as\u00ed como cual ser\u00eda&nbsp;la pedalada mas efectiva.<\/p>\n\n\n\n<div class=\"wp-block-buttons is-content-justification-center is-layout-flex wp-block-buttons-is-layout-flex\">\n<div class=\"wp-block-button is-style-outline is-style-outline--1\"><a class=\"wp-block-button__link has-vivid-cyan-blue-color has-text-color\" href=\"https:\/\/motionlab.studio\/index.php\/retul\/\" style=\"border-radius:50px\">Saber m\u00e1s<\/a><\/div>\n<\/div>\n<\/div>\n\n\n\n<div class=\"wp-block-column is-layout-flow wp-block-column-is-layout-flow\">\n<div class=\"wp-block-columns is-layout-flex wp-container-core-columns-is-layout-9d6595d7 wp-block-columns-is-layout-flex\">\n<div class=\"wp-block-column is-layout-flow wp-block-column-is-layout-flow\" style=\"flex-basis:100%\">\n<div class=\"wp-block-image\"><figure class=\"aligncenter size-large is-resized\"><img loading=\"lazy\" decoding=\"async\" src=\"https:\/\/motionlab.studio\/wp-content\/uploads\/2021\/07\/logo_gebiomized.png\" alt=\"\" class=\"wp-image-34\" width=\"258\" height=\"130\" srcset=\"https:\/\/motionlab.studio\/wp-content\/uploads\/2021\/07\/logo_gebiomized.png 312w, https:\/\/motionlab.studio\/wp-content\/uploads\/2021\/07\/logo_gebiomized-300x151.png 300w\" sizes=\"auto, (max-width: 258px) 100vw, 258px\" \/><\/figure><\/div>\n<\/div>\n<\/div>\n\n\n\n<p class=\"has-text-align-center\">El sistema&nbsp;<strong>gebioMized<\/strong>&nbsp;permite hacer un diagn\u00f3stico fiable y preciso basado en medir los puntos de presi\u00f3n entre ciclista y bicicleta.<\/p>\n\n\n\n<div class=\"wp-block-buttons is-content-justification-center is-layout-flex wp-block-buttons-is-layout-flex\">\n<div class=\"wp-block-button is-style-outline is-style-outline--2\"><a class=\"wp-block-button__link has-vivid-cyan-blue-color has-text-color\" href=\"https:\/\/motionlab.studio\/index.php\/gebiomized\/\" style=\"border-radius:50px\">Saber m\u00e1s<\/a><\/div>\n<\/div>\n<\/div>\n\n\n\n<div class=\"wp-block-column is-layout-flow wp-block-column-is-layout-flow\">\n<div class=\"wp-block-columns is-layout-flex wp-container-core-columns-is-layout-9d6595d7 wp-block-columns-is-layout-flex\">\n<div class=\"wp-block-column is-layout-flow wp-block-column-is-layout-flow\" style=\"flex-basis:100%\">\n<div class=\"wp-block-image\"><figure class=\"aligncenter size-large is-resized\"><img loading=\"lazy\" decoding=\"async\" src=\"https:\/\/motionlab.studio\/wp-content\/uploads\/2021\/07\/BIKEFITTING.png\" alt=\"\" class=\"wp-image-33\" width=\"281\" height=\"134\"\/><\/figure><\/div>\n<\/div>\n<\/div>\n\n\n\n<p class=\"has-text-align-center\">El sistema&nbsp;<strong>bikefitting<\/strong>&nbsp;mide la potencia de pedaleo y fuerza aplicada en 3D garantizando una posici\u00f3n perfecta sobre su bicicleta.<\/p>\n\n\n\n<div class=\"wp-block-buttons is-content-justification-center is-layout-flex wp-block-buttons-is-layout-flex\">\n<div class=\"wp-block-button is-style-outline is-style-outline--3\"><a class=\"wp-block-button__link has-vivid-cyan-blue-color has-text-color\" href=\"https:\/\/motionlab.studio\/index.php\/shimano-bikefitting\/\" style=\"border-radius:50px\">Saber m\u00e1s<\/a><\/div>\n<\/div>\n<\/div>\n<\/div>\n<\/div><\/div>\n\n\n<section class=\"gb-container gb-container-6f90ac64\"><div class=\"gb-inside-container\">\n\n<h2 class=\"gb-headline gb-headline-9e1f3a2d gb-headline-text\">Somos centro homologado impartiendo la metodolog\u00eda de la empresa l\u00edder en servicios de Bike Fitting de Espa\u00f1a<\/h2>\n\n\n\n<div class=\"wp-block-group has-text-color\" style=\"color:#d3d9dc\"><div class=\"wp-block-group__inner-container is-layout-flow wp-block-group-is-layout-flow\">\n<div class=\"wp-block-image\"><figure class=\"aligncenter size-large\"><img loading=\"lazy\" decoding=\"async\" width=\"280\" height=\"221\" src=\"https:\/\/motionlab.studio\/wp-content\/uploads\/2021\/07\/logo-imasd-cycling-center-1.png\" alt=\"\" class=\"wp-image-51\"\/><\/figure><\/div>\n<\/div><\/div>\n\n<\/div><\/section>\n\n<section class=\"gb-container gb-container-ef7fa7b9\"><div class=\"gb-inside-container\">\n<section class=\"gb-container gb-container-02c32157\"><div class=\"gb-inside-container\">\n\n<div class=\"wp-block-columns is-layout-flex wp-container-core-columns-is-layout-9d6595d7 wp-block-columns-is-layout-flex\">\n<div class=\"wp-block-column is-layout-flow wp-block-column-is-layout-flow\">\n<figure class=\"wp-block-image size-large\"><img loading=\"lazy\" decoding=\"async\" width=\"768\" height=\"1024\" src=\"https:\/\/motionlab.studio\/wp-content\/uploads\/2021\/07\/urquizu-768x1024.jpg\" alt=\"\" class=\"wp-image-279\" srcset=\"https:\/\/motionlab.studio\/wp-content\/uploads\/2021\/07\/urquizu-768x1024.jpg 768w, https:\/\/motionlab.studio\/wp-content\/uploads\/2021\/07\/urquizu-225x300.jpg 225w, https:\/\/motionlab.studio\/wp-content\/uploads\/2021\/07\/urquizu-1152x1536.jpg 1152w, https:\/\/motionlab.studio\/wp-content\/uploads\/2021\/07\/urquizu-1536x2048.jpg 1536w, https:\/\/motionlab.studio\/wp-content\/uploads\/2021\/07\/urquizu-scaled.jpg 1920w\" sizes=\"auto, (max-width: 768px) 100vw, 768px\" \/><\/figure>\n<\/div>\n\n\n\n<div class=\"wp-block-column is-layout-flow wp-block-column-is-layout-flow\">\n<figure class=\"wp-block-pullquote is-style-solid-color\"><blockquote class=\"has-text-color has-black-color\"><p><em>\u00abLos&nbsp;<strong>Estudios Biomec\u00e1nicos<\/strong>&nbsp;para un ciclista tienen como objetivo&nbsp;mejorar el rendimiento&nbsp;y&nbsp;evitar lesiones\u00bb<\/em><\/p><\/blockquote><\/figure>\n<\/div>\n<\/div>\n\n<\/div><\/section>\n<\/div><\/section>\n\n<div class=\"gb-container gb-container-bcbba4e2\"><div class=\"gb-inside-container\">\n\n<div class=\"wp-block-image\"><figure class=\"aligncenter size-large is-resized\"><img decoding=\"async\" src=\"https:\/\/motionlab.studio\/wp-content\/uploads\/2021\/07\/id-cyling-logo1.png\" alt=\"\" class=\"wp-image-268\" width=\"500\" srcset=\"https:\/\/motionlab.studio\/wp-content\/uploads\/2021\/07\/id-cyling-logo1.png 842w, https:\/\/motionlab.studio\/wp-content\/uploads\/2021\/07\/id-cyling-logo1-300x62.png 300w, https:\/\/motionlab.studio\/wp-content\/uploads\/2021\/07\/id-cyling-logo1-768x160.png 768w\" sizes=\"(max-width: 842px) 100vw, 842px\" \/><\/figure><\/div>\n\n<\/div><\/div>","protected":false},"excerpt":{"rendered":"<p>Disponemos de los sistemas de Bike Fitting m\u00e1s avanzados del mercado El sistema&nbsp;RET\u00dcL&nbsp;permite hacer un an\u00e1lisis mas preciso sobre cual ser\u00eda la posici\u00f3n ideal as\u00ed como cual ser\u00eda&nbsp;la pedalada mas efectiva. El sistema&nbsp;gebioMized&nbsp;permite hacer un diagn\u00f3stico fiable y preciso basado en medir los puntos de presi\u00f3n entre ciclista y bicicleta. El sistema&nbsp;bikefitting&nbsp;mide la potencia de &#8230; <a title=\"\" class=\"read-more\" href=\"https:\/\/motionlab.studio\/\" aria-label=\"M\u00e1s en \">Leer m\u00e1s<\/a><\/p>\n","protected":false},"author":1,"featured_media":0,"parent":0,"menu_order":0,"comment_status":"closed","ping_status":"open","template":"","meta":{"_generate-full-width-content":"true","footnotes":""},"class_list":["post-2","page","type-page","status-publish"],"_links":{"self":[{"href":"https:\/\/motionlab.studio\/index.php\/wp-json\/wp\/v2\/pages\/2","targetHints":{"allow":["GET"]}}],"collection":[{"href":"https:\/\/motionlab.studio\/index.php\/wp-json\/wp\/v2\/pages"}],"about":[{"href":"https:\/\/motionlab.studio\/index.php\/wp-json\/wp\/v2\/types\/page"}],"author":[{"embeddable":true,"href":"https:\/\/motionlab.studio\/index.php\/wp-json\/wp\/v2\/users\/1"}],"replies":[{"embeddable":true,"href":"https:\/\/motionlab.studio\/index.php\/wp-json\/wp\/v2\/comments?post=2"}],"version-history":[{"count":42,"href":"https:\/\/motionlab.studio\/index.php\/wp-json\/wp\/v2\/pages\/2\/revisions"}],"predecessor-version":[{"id":302,"href":"https:\/\/motionlab.studio\/index.php\/wp-json\/wp\/v2\/pages\/2\/revisions\/302"}],"wp:attachment":[{"href":"https:\/\/motionlab.studio\/index.php\/wp-json\/wp\/v2\/media?parent=2"}],"curies":[{"name":"wp","href":"https:\/\/api.w.org\/{rel}","templated":true}]}}