{"id":166,"date":"2021-07-07T22:15:50","date_gmt":"2021-07-07T22:15:50","guid":{"rendered":"https:\/\/motionlab.studio\/?page_id=166"},"modified":"2021-07-12T10:29:26","modified_gmt":"2021-07-12T10:29:26","slug":"preguntas-frecuentes","status":"publish","type":"page","link":"https:\/\/motionlab.studio\/index.php\/preguntas-frecuentes\/","title":{"rendered":"Preguntas frecuentes"},"content":{"rendered":"\n<p class=\"has-black-color has-text-color\"><strong>&nbsp;\u00bfQu\u00e9 es un estudio&nbsp; biomec\u00e1nico?<\/strong><\/p>\n\n\n\n<p class=\"has-text-align-left\">Un estudio de biomec\u00e1nica del ciclismo consiste en realizar un exhaustivo an\u00e1lisis de la t\u00e9cnica del deportista con el objetivo de que \u00e9sta sea estable, no lesiva y acerque al deportista a par\u00e1metros de eficiencia m\u00e1xima.<\/p>\n\n\n\n<p class=\"has-text-align-left\">Para ello nuestra premisa fundamental es ajustar en mayor medida posible la bicicleta y sus componentes a las caracter\u00edsticas y necesidades del deportista.<\/p>\n\n\n\n<p class=\"has-black-color has-text-color\"><strong>\u00bfPara qu\u00e9 sirve?<\/strong><\/p>\n\n\n\n<p>Principalmente sirve para prevenir lesiones derivadas de patrones de movimiento repetitivos y no adecuados.<\/p>\n\n\n\n<p>La prevenci\u00f3n de lesiones en el deporte es vital, ya que hace que la pr\u00e1ctica sea segura y perdure en el tiempo.<\/p>\n\n\n\n<p>Ir bien posicionado sobre la bicicleta te permite adem\u00e1s tener un rendimiento mucho mayor, bien porque la aplicaci\u00f3n de fuerza es m\u00e1s efectiva o porque mejoras en par\u00e1metros relacionados con la resistencia al avance como la aerodin\u00e1mica.<\/p>\n\n\n\n<p class=\"has-black-color has-text-color\"><strong>\u00bfC\u00f3mo lo&nbsp; realizamos?<\/strong><\/p>\n\n\n\n<p>Cada deportista es diferente, y cada uno tiene unas necesidades, ese es nuestro principal punto de partida.<\/p>\n\n\n\n<p>Orientamos nuestra intervenci\u00f3n en base a 3 situaciones tipo:<\/p>\n\n\n\n<ul class=\"wp-block-list\"><li>La prevenci\u00f3n de lesiones.<\/li><li>La detecci\u00f3n del agente lesivo.<\/li><li>La mejora del rendimiento deportivo.<\/li><\/ul>\n\n\n\n<p>Todas y cada una de ellas se suelen dar al un\u00edsono en la mayor\u00eda de los casos aunque en ocasiones haya que priorizar.<\/p>\n\n\n\n<ol class=\"wp-block-list\"><li>Valoramos la cinem\u00e1tica con el sistema RETUL 3D. Una potente herramienta que en 10\u201d de pedaleo nos ofrece una valoraci\u00f3n del ciclista en 360\u00ba midiendo los \u00e1ngulos de los dos lados en din\u00e1mico para tener una realidad milim\u00e9trica de lo que est\u00e1 sucediendo.<\/li><li>Analizamos la cin\u00e9tica con el sistema de bikefitting REAL FIT BIKE, un potro m\u00f3vil&nbsp; con el que medimos:<\/li><\/ol>\n\n\n\n<ul class=\"wp-block-list\"><li>El reparto de fuerza en % que el ciclista genera sobre las bielas de forma independiente<\/li><li>La zona de carga sobre el pedal<\/li><li>La efectividad del pedaleo para conocer la magnitud de fuerza que sirve para mover la biela y la que por el contrario la frena.<\/li><li>3D de los vectores de fuerza y \u00e1ngulo de biela que recibe la fuerza m\u00e1xima.<\/li><\/ul>\n\n\n\n<ol class=\"wp-block-list\" start=\"3\"><li>Estudiamos la calidad de los apoyos sobre el sill\u00edn con el sistema del mapeado de presiones de GEBIOMIZED para elegir los ajustes de detalle.<\/li><\/ol>\n\n\n\n<p class=\"has-black-color has-text-color\"><strong>\u00bf A qui\u00e9n va dirigido?<\/strong><\/p>\n\n\n\n<p>Un estudio de biomec\u00e1nica va dirigido a todo aquel ciclista sea cual sea su nivel de desempe\u00f1o, sexo o edad.<\/p>\n\n\n\n<p>Pedalear c\u00f3modo es un derecho de todo ciclista, sea de iniciaci\u00f3n o profesional.<\/p>\n\n\n\n<p>Quien pasa muchas horas encima de la bicicleta tiene un gran riesgo de lesionarse por sobre uso, pero quien no lo hace, tambi\u00e9n, por el simple hecho de falta de adaptaci\u00f3n.<\/p>\n\n\n\n<p class=\"has-black-color has-text-color\"><strong>&nbsp;<\/strong><strong>\u00bfQu\u00e9 informaci\u00f3n recibo al finalizar el estudio?<\/strong><\/p>\n\n\n\n<p>Al finalizar todo el an\u00e1lisis, el ciclista recibe un informe detallado de la configuraci\u00f3n de las medidas de la bicicleta para poder reproducirlas en caso de necesidad, tambi\u00e9n recibe un informe del an\u00e1lisis de cinem\u00e1tica o cin\u00e9tica donde puede comprobar c\u00f3mo se comportan los \u00e1ngulos de su cuerpo al pedalear o como es y c\u00f3mo aplica la fuerza resultante.<strong>.<\/strong><\/p>\n\n\n\n<p class=\"has-black-color has-text-color\"><strong>\u00bfTengo alg\u00fan tipo de seguimiento?<\/strong><\/p>\n\n\n\n<p>As\u00ed es, no termina todo aqu\u00ed. Nuestros estudios ofrece la posibilidad de revisi\u00f3n y seguimiento dentro del primer mes para aquellos casos que lo requieran y siempre y cuando el ciclista lo necesite, por molestias o incapacidad.<\/p>\n\n\n<div class=\"gb-container gb-container-169d61af\"><div class=\"gb-inside-container\">\n\n<div class=\"wp-block-image\"><figure class=\"aligncenter size-large is-resized\"><img decoding=\"async\" src=\"https:\/\/motionlab.studio\/wp-content\/uploads\/2021\/07\/id-cyling-logo1.png\" alt=\"\" class=\"wp-image-268\" width=\"500\" srcset=\"https:\/\/motionlab.studio\/wp-content\/uploads\/2021\/07\/id-cyling-logo1.png 842w, https:\/\/motionlab.studio\/wp-content\/uploads\/2021\/07\/id-cyling-logo1-300x62.png 300w, https:\/\/motionlab.studio\/wp-content\/uploads\/2021\/07\/id-cyling-logo1-768x160.png 768w\" sizes=\"(max-width: 842px) 100vw, 842px\" \/><\/figure><\/div>\n\n<\/div><\/div>","protected":false},"excerpt":{"rendered":"<p>&nbsp;\u00bfQu\u00e9 es un estudio&nbsp; biomec\u00e1nico? Un estudio de biomec\u00e1nica del ciclismo consiste en realizar un exhaustivo an\u00e1lisis de la t\u00e9cnica del deportista con el objetivo de que \u00e9sta sea estable, no lesiva y acerque al deportista a par\u00e1metros de eficiencia m\u00e1xima. Para ello nuestra premisa fundamental es ajustar en mayor medida posible la bicicleta y &#8230; <a title=\"Preguntas frecuentes\" class=\"read-more\" href=\"https:\/\/motionlab.studio\/index.php\/preguntas-frecuentes\/\" aria-label=\"M\u00e1s en Preguntas frecuentes\">Leer m\u00e1s<\/a><\/p>\n","protected":false},"author":1,"featured_media":0,"parent":0,"menu_order":0,"comment_status":"closed","ping_status":"closed","template":"","meta":{"_generate-full-width-content":"","footnotes":""},"class_list":["post-166","page","type-page","status-publish"],"_links":{"self":[{"href":"https:\/\/motionlab.studio\/index.php\/wp-json\/wp\/v2\/pages\/166","targetHints":{"allow":["GET"]}}],"collection":[{"href":"https:\/\/motionlab.studio\/index.php\/wp-json\/wp\/v2\/pages"}],"about":[{"href":"https:\/\/motionlab.studio\/index.php\/wp-json\/wp\/v2\/types\/page"}],"author":[{"embeddable":true,"href":"https:\/\/motionlab.studio\/index.php\/wp-json\/wp\/v2\/users\/1"}],"replies":[{"embeddable":true,"href":"https:\/\/motionlab.studio\/index.php\/wp-json\/wp\/v2\/comments?post=166"}],"version-history":[{"count":5,"href":"https:\/\/motionlab.studio\/index.php\/wp-json\/wp\/v2\/pages\/166\/revisions"}],"predecessor-version":[{"id":315,"href":"https:\/\/motionlab.studio\/index.php\/wp-json\/wp\/v2\/pages\/166\/revisions\/315"}],"wp:attachment":[{"href":"https:\/\/motionlab.studio\/index.php\/wp-json\/wp\/v2\/media?parent=166"}],"curies":[{"name":"wp","href":"https:\/\/api.w.org\/{rel}","templated":true}]}}